3. Let q = 11 + y. What is the units digit of q?
6
What is the hundreds digit of (155/(-3) - -1)*99/(-44)?
1
Let p = -8 - -5. Let g = -3 - p. Suppose -2*o + 6*o - 12 = g, 4*c - 14 = -2*o. What is the units digit of c?
2
Let x = -16 - -8. Let a(z) = -z - 5. Let o be a(x). Suppose 4*g - 5 = -g + 3*r, o*r = -5*g + 35. What is the units digit of g?
4
Let o(u) = 10*u**3 - 2*u**2 - 5. What is the hundreds digit of o(3)?
2
Let h(o) = -3*o**2 - o. Let b be h(-2). What is the units digit of (-4)/6 + b/(-6)?
1
Let l(r) = -r**3 + 6*r**2 + 2*r - 2. What is the units digit of l(4)?
8
Suppose -4*a - 33 = 5*r, -3*r + 9 = 3*a + 30. Let q(o) = -6 + o**3 + 6*o**2 + 3 - 2*o + 5*o. What is the units digit of q(r)?
7
Let h(m) = m**2 + 5*m + 42. What is the units digit of h(10)?
2
Let c = 11 + -7. Suppose -4*j + c = -0*j. What is the units digit of j?
1
Let w be 4 + (-1 + -1)*-1. Let n be (0 + 3/(-3))*5. Let x = w + n. What is the units digit of x?
1
Suppose 11 + 25 = 3*v. What is the units digit of 10*(2 - v/10)?
8
Suppose 0 = -j - 3 + 20. What is the tens digit of j?
1
Suppose -d + 4 = d. Let n = d - -5. What is the units digit of n?
7
Let o be (-2)/(-8) - (-77)/28. What is the tens digit of (-558)/(-27) + (-2)/o?
2
Let y(b) = 14*b - 5. What is the tens digit of y(5)?
6
Suppose y = -2 - 4. Let v be (3 - -1)*y/2. Let w = 17 + v. What is the units digit of w?
5
Suppose -5*o + 2*j = -2151, j = 16*o - 13*o - 1291. What is the hundreds digit of o?
4
Let x(g) = 3 - 3 - 4 + g. Let z be x(8). Suppose 3*t + t - z = 0. What is the units digit of t?
1
Let y(b) = -2*b**3 - 9*b**2 - 4*b - 2. What is the hundreds digit of y(-6)?
1
Let u(b) be the third derivative of -3*b**4/8 - b**3/6 + b**2. What is the units digit of u(-1)?
8
Suppose 4*a + 20 = -5*l, -5 = 4*l + 5*a + 2. Let h = -6 - l. Suppose 5*i = 5*r - 25, h*i - 15 = -r + i. What is the units digit of r?
0
Suppose -2 = -k + 1. Suppose -k*p = -3*v - 27, -3*p + 2*p + 4*v = -9. What is the units digit of p?
9
Let z(o) = -o + 12. Let a be z(7). Let b be 1/3 + (-28)/(-6). Suppose l = 2*m + 4, b*m - a - 13 = -l. What is the units digit of l?
8
Let z(p) = -p**2 - 21*p + 21. What is the tens digit of z(-18)?
7
Let d = -1 + 4. Suppose x - d*x = -60. Suppose x = -n + 4*n. What is the tens digit of n?
1
Let l(b) = -b**3 - b**2 + b - 1. Let z be l(-2). Let v = z + 18. What is the units digit of v?
9
Let f = -11 + 11. Suppose 4*j + x - 6 - 6 = f, -3*j - 3*x = 0. What is the units digit of j?
4
Let j = -31 + 51. Suppose -8*b + j = -p - 3*b, 3*b - 10 = p. Suppose a + 2 = p. What is the units digit of a?
3
Suppose 8*h - 716 - 108 = 0. What is the units digit of h?
3
Let r be (11 + 0)*(10 + -11). Let w = r - -37. What is the units digit of w?
6
What is the units digit of ((-27)/3 + 2)*-19?
3
Let u be ((-28)/(-21))/(1/3). Suppose -l + 0*l - 137 = -5*y, -y + 35 = -u*l. What is the units digit of y?
7
Let z(j) = j**2 + 10*j - 2. Let q be z(-10). What is the units digit of (3 + -2)/((-1)/q)?
2
What is the units digit of (-429)/(-6) - (-2)/(-4)?
1
Let x(b) be the second derivative of -7*b**3/6 - 3*b**2/2 + b. What is the tens digit of x(-4)?
2
Let a = 17 + -14. Suppose a*v + 4*r - 189 = 0, -77 + 204 = 2*v + 3*r. What is the tens digit of v?
5
What is the units digit of (1/3)/(5/330)?
2
What is the units digit of (10 - -2)*6/4?
8
Let l(w) = 0*w**2 - 2 + 5*w**2 + 5*w - 4*w**2 + 3. What is the tens digit of l(-7)?
1
What is the units digit of (-6)/14 - (-11596)/91?
7
Suppose 0 = -6*m + m - 45. Let g = m - -13. What is the units digit of g?
4
What is the tens digit of ((-76)/(-6))/(3/9)?
3
Suppose 0 = 5*f - 0*f - 4*u - 68, -4*f + 79 = 5*u. Let b = 8 + -15. Let x = f + b. What is the units digit of x?
9
Suppose 3*w - 2*w = -20. What is the units digit of (w/14)/((-1)/7)?
0
Let v be 15*(21/(-15) + 1). Let z(c) = 3*c + 2. Let q be z(4). Let l = v + q. What is the units digit of l?
8
Suppose 2*b = 4*j - 666, 0*j - 3*b = -2*j + 331. What is the tens digit of j?
6
Let w(j) = -2*j - 2. Let x be w(-2). Suppose -x*p - p = -27. Let a = p + -1. What is the units digit of a?
8
Let o be 32/10 + (-8)/40. Suppose -f - 37 = -5*x, x + 10 = o*x - 2*f. What is the units digit of x?
8
Let k(g) = -g**2 + 15*g - 21. What is the units digit of k(11)?
3
Let u(x) = x**3 + 8*x**2 - 3*x - 11. Let j(l) = -2*l**2 - 2*l + 4. Let w be j(-3). What is the units digit of u(w)?
3
Let n(g) = -3*g**2 - 4 + 3 + 0*g**2 + 4*g**2 + 5*g. What is the tens digit of n(-8)?
2
Let u(y) = -2*y - 2. Let m be u(-4). Let z be 1*5 + m + -4. Suppose 39 = 4*i + z. What is the units digit of i?
8
Let v(y) be the second derivative of 7*y**4/3 + y**3/6 - y**2 - 7*y. What is the tens digit of v(1)?
2
Let v(q) = -q + 46. What is the tens digit of v(11)?
3
Let m(x) = -x**2 + 16*x - 8. What is the units digit of m(15)?
7
Let q(b) = b**2 + b - 4. Suppose 19 + 5 = -4*o. What is the units digit of q(o)?
6
Let z = -1 + 1. Suppose z*l + l - 22 = 0. Suppose -2*m = -3*v + 50, -l = -0*v - v - 2*m. What is the tens digit of v?
1
Let m be 1 + (1 - 2) + -1. Let c be 6 - m - (0 - -1). Suppose 4*g - c*g = -6. What is the units digit of g?
3
Let r = -64 + 108. What is the tens digit of r?
4
Let w = 294 - 132. What is the tens digit of w?
6
Suppose f + 0*n = n, n = -4*f - 15. What is the units digit of 2/f*(-1 - 20)?
4
Let s be (-160)/28 - 4/14. Let r = s + -4. Let t = 18 + r. What is the units digit of t?
8
Suppose 0 = -m - 4*m. Suppose -5*t - 19 = -4*v - m*t, 3*v = -4*t + 22. What is the units digit of v?
6
Let p = 13 + -8. Suppose -p = 5*o, -b - 3*o + 5 = -6*o. What is the units digit of b?
2
Let k(a) = -a**3 - 11*a**2 - 8*a + 6. Let n be k(-10). Let t = n - -15. What is the units digit of t?
1
Let u(t) = t**3 - 11*t**2 + t - 10. Let o(b) = b**3 + b + 11. Let p be o(0). Let a be u(p). What is the tens digit of -5*(a + (-84)/15)?
2
Suppose r = 2*r - 11. What is the tens digit of r?
1
Suppose -81 = 3*k - 5*d, -4*k + 2*d - 108 = 6*d. Let h = k + 64. Suppose a = -3*s - 0 + 5, 0 = 5*a + 3*s - h. What is the units digit of a?
8
Suppose 324 = 4*n + 3*b, -5*n + b + 340 = -n. What is the units digit of n?
4
Suppose 6*y - y = -50. Let g = -4 - y. What is the units digit of 31/5 + g/(-30)?
6
Suppose -12 = 2*s + 3*o, 8 = 4*s - 3*s - 2*o. Suppose s = 2*y - 2*z - 62, -3*z + 15 = -0*y + y. What is the units digit of y?
7
Let k(i) = i**2 + 8*i - 41. What is the units digit of k(-18)?
9
Suppose 1 - 4 = b. Let z(a) = 2*a**2 + 2*a - 4. What is the units digit of z(b)?
8
Let g = 11 + -8. What is the tens digit of g/(2 - 9/5)?
1
What is the units digit of (0 - (0 - 2)) + 18?
0
Let i = 3 + 1. Suppose -3*j = -i*j + 12. What is the tens digit of j?
1
Let j(h) = -70*h - 2. Let u be j(2). Let w = -88 - u. What is the tens digit of w?
5
Suppose 0 = 3*i + 22 - 1. Let j(t) = -t**3 - 7*t**2 - 2*t + 8. What is the tens digit of j(i)?
2
What is the tens digit of (-7)/(21/48)*-4?
6
Let n(m) = 3*m**2 - 12*m + 86. What is the tens digit of n(7)?
4
Let v(a) = 2*a**2 - 2*a - 3. Let s(j) = j + 9. Let m be s(-12). What is the units digit of v(m)?
1
Suppose -5*k + k - 5*m = -119, 0 = k + 3*m - 28. What is the units digit of k?
1
Let s be -1*(-3)/(6/4). Suppose 0 = -2*i - s*i + 8. What is the units digit of i?
2
Suppose -5*i = -4*i + 3*w - 141, 0 = 3*i - 5*w - 493. What is the units digit of i?
6
Suppose 0 = 4*d + r - 3*r - 6, -4*d = 4*r - 36. Suppose -3*g + 41 = 2*g + d*v, -4*g - v + 35 = 0. What is the units digit of g?
9
Suppose 4*q = 2*q. Let j be (-6)/8*(q + 4). What is the units digit of ((-5)/3)/(j/9)?
5
Let d(v) = 6*v**2 + 14. What is the units digit of d(6)?
0
Suppose -o = 8*o - 3420. What is the hundreds digit of o?
3
Let h = 51 - 26. Let l be (-40)/(-3) - 1/3. Let y = h - l. What is the tens digit of y?
1
What is the hundreds digit of (6 - 3)*(-2 + 3)*95?
2
Let j(m) = m**2 + m - 2. Suppose 2*a + 24 = -a. What is the tens digit of j(a)?
5
Let y(t) = -t**3 - 5*t**2 - 3*t - 3. Let z be y(-5). Suppose -3*m + z = m. What is the units digit of m?
3
Suppose -4*d = -4*r - 4, 4*d = -r + 3*r + 8. Let q be 0/r + 2/1. Suppose -2*i - z = -5 + q, 0 = -i + z + 6. What is the units digit of i?
3
Suppose 4*g = 46 - 14. Suppose g*c = 4*c + 8. Let p = 3 - c. What is the units digit of p?
1
Let v(i) = -i**2 - 11*i - 8. Let p be v(-10). Let n be 1 + -3 - (-4)/1. S